-7)/1. Calculate the highest common divisor of n and 24.
6
Let b(y) = y**2 + 5*y + 8. Let q = -60 + 55. Let n be b(q). What is the highest common divisor of n and 56?
8
Let p(m) = -m**2 + 26*m + 206. Let c be p(29). What is the highest common factor of 34 and c?
17
Suppose 340 - 1660 = -11*y. What is the greatest common factor of y and 810?
30
Suppose 3*q - 3*p - 15 = 9, -4*p - 42 = -5*q. Suppose l - 243 = -93. What is the highest common factor of l and q?
10
Suppose 0 = -36*m + 51*m - 210. Calculate the greatest common factor of m and 12.
2
Let z(i) = i**3 - 13*i**2 + 12*i + 13. Let k be (0 - (-4)/22) + 780/66. Let l be z(k). What is the greatest common divisor of 52 and l?
13
Let w = -139 - -144. Suppose -139 = -w*p + 21. Let k(r) = r**2 + 80. Let i be k(0). What is the highest common divisor of i and p?
16
Let t = -742 + 1119. What is the highest common factor of 29 and t?
29
Let u be (15/20)/((-2)/(-32)). Let g be (-11 - u/(-4)) + 2. Let a = g - -50. What is the greatest common divisor of a and 4?
4
Suppose -35*q = -32*q - 21. What is the highest common divisor of 35 and q?
7
Suppose 3*f - 8*f + 735 = 0. Let r = 242 - f. What is the highest common factor of r and 19?
19
Let y(l) = -7*l**2 - 38*l - 77. Let n(d) = -4*d**2 - 18*d - 39. Let h(c) = -5*n(c) + 3*y(c). Let z be h(-15). Calculate the highest common divisor of z and 33.
33
Suppose 6*i - 704 = 2*i - 4*y, -5*i = -3*y - 912. Suppose -75*v = -65*v - i. Suppose -3*k = -85 - 23. Calculate the highest common factor of k and v.
18
Let t(i) = 6*i**2 + 9*i - 56. Let l be t(4). What is the highest common factor of l and 266?
38
Let b(p) = -5*p - 9*p + 18*p + 4. Let d = -7 + 12. Let m be b(d). Calculate the highest common divisor of 24 and m.
24
Let i(g) = 2*g - 1 - g + 2 + 6*g**3 - 18*g**3. Let z be i(-1). Suppose 0 = 7*l - 4*l - z. What is the greatest common factor of 1 and l?
1
Let z = 34 + -21. Suppose 10 = 5*s + a - z, a + 17 = 3*s. Calculate the highest common factor of s and 45.
5
Suppose -30 - 26 = -8*z. Calculate the highest common factor of z and 91.
7
Let h(i) = 2*i - 10 + 26 - 18 + 8*i. Let v be h(10). Let g = -13 - -27. Calculate the greatest common divisor of v and g.
14
Let j be (-19 + 17)/((-1)/34). What is the greatest common factor of j and 646?
34
Suppose -24 = -2*f - 8. Suppose 20 = 3*t - 4. Let a = 32 - t. Calculate the greatest common factor of a and f.
8
Suppose 63*u = 58*u + 10810. Calculate the greatest common divisor of u and 94.
94
Suppose v - 18 = n - 4, v - 5 = 0. Let s(k) = -k**2 - 11*k. Let l be s(n). Let f be l/3 - (-3 - -2). Calculate the highest common factor of 35 and f.
7
Let w(l) = -13*l**2 - 5*l + 37. Let y be w(0). What is the greatest common divisor of y and 2368?
37
Suppose 0 = 3*q + q - 12. Let l be (q + -2)/((-1)/(-27)). Suppose -17 = -8*m + 7. Calculate the highest common divisor of l and m.
3
Suppose 4*i = 3*i + 8. Calculate the greatest common divisor of i and 16.
8
Suppose 2*l - 25 = -3*l. Suppose l*z - 391 = -6. Let g(y) = y**3 - 11*y**2 + 2*y - 15. Let k be g(11). What is the greatest common divisor of z and k?
7
Let k be 12/16 - (-1203)/12. Let m = -41 + k. Calculate the highest common factor of m and 40.
20
Let i = -159 + 181. Let n be ((-1)/(-2))/((-3)/(-66)). What is the greatest common divisor of n and i?
11
Let i(n) = -7*n. Let g be i(-1). Let f(z) = -z**3 + 8*z**2 + 8*z + 27. Let y be f(8). Calculate the highest common factor of g and y.
7
Let b = 238 + -233. What is the highest common divisor of 135 and b?
5
Let y(p) = 13*p**2 - 3*p. Let o be y(-3). Let n = 1671 + -1657. What is the highest common divisor of n and o?
14
Let o(r) = r + 3. Let q be o(0). Suppose 0 = w - 0*w - q. Suppose -w*s + 4 + 5 = 0. What is the greatest common factor of s and 3?
3
Let n = -107 - -155. Suppose -7*o = -3*o + 148. Let i = o - -53. Calculate the greatest common divisor of i and n.
16
Let m(w) = -w**3 - 7*w**2 + 3. Let u be m(-7). Suppose 4*v - 56 = -3*b - b, v - 38 = -u*b. Calculate the greatest common factor of b and 36.
12
Let v(r) = -r**2 + 5*r + 53. Let f be v(10). Suppose 6 = f*j - 33. Suppose 0*q = q - 13. What is the highest common factor of j and q?
13
Let n be 6/(-21) - 43*4/(-14). Calculate the greatest common divisor of n and 240.
12
Let s be (-23 + 77/(-11))*(-2)/4. Let b = 33 + -23. What is the greatest common divisor of s and b?
5
Let k(x) be the first derivative of 2*x**3/3 + 7*x**2 - 2. Let v be k(-9). What is the greatest common divisor of v and 324?
36
Suppose -u + 64 = -66. What is the highest common divisor of u and 247?
13
Let w(f) be the third derivative of -f**5/30 - 43*f**4/24 + 2*f**3 + 37*f**2. Let y be w(-21). Calculate the greatest common factor of y and 33.
33
Let h(s) = s**3 + 10*s**2 + 2*s - 21. Let z be h(-7). Calculate the highest common factor of 28 and z.
28
Suppose -9 - 6 = 3*q. Let b be q*((1 - 1) + -1). Let n(h) = 16*h. Let k be n(b). What is the greatest common factor of 10 and k?
10
Suppose -2*q + 4*d = -46, -2*q + 10*d - 13*d = -18. What is the highest common factor of q and 675?
15
Let k(y) = -3 + 3*y + y**2 + 0 - 6 + 1. Let m be k(3). Calculate the highest common divisor of m and 4.
2
Suppose -24*u - 296 = -28*u. Let d = u + -51. Calculate the greatest common factor of 161 and d.
23
Let o be 21/5 + 2/(-10). Let u = o - 2. Let n = 15 - u. Calculate the greatest common divisor of n and 52.
13
Suppose -20*k + 28*k = 896. What is the greatest common factor of k and 154?
14
Suppose -62 = 3*f - 0*x + 4*x, 2*f = x - 45. Let h = f - -34. What is the greatest common factor of 60 and h?
12
Suppose 2816 + 2404 = 6*r. Calculate the highest common factor of r and 58.
58
Suppose 5 = -3*l - 5*p, 2*l + 6*p = 2*p. Let x = 36 + l. Suppose a - x = -10. Calculate the greatest common divisor of 32 and a.
16
Let g be 6/(-4)*(0 + (-6)/9). Suppose -5*t + 4*w - 15 = 0, -2*t = 3*t - w. What is the greatest common divisor of g and t?
1
Let c(l) = 95*l**2 - 2*l - 1. Let n be c(-1). Let t(s) = s + 24. Let j be t(-16). What is the greatest common factor of n and j?
8
Suppose 0*g - 2*g + 12 = 0. Suppose -g*b + 52 = -5*b. Let z = 47 - 34. Calculate the greatest common divisor of z and b.
13
Let l = 65 + -32. Let w = -62 + 62. Suppose -11*s + 8*s + 99 = w. Calculate the greatest common factor of s and l.
33
Suppose 0 = -2*a + 10, -4*z - 31*a = -29*a - 102. What is the highest common divisor of 437 and z?
23
Let w be ((3015/(-6))/(-3))/(60/120). Calculate the greatest common divisor of w and 1072.
67
Let b be (138/(-5))/(12/60). Let g = -39 - b. Calculate the highest common factor of g and 9.
9
Let f = -171 + 240. Suppose 0 = b - 3, k - b = -0*k + 20. Calculate the highest common factor of k and f.
23
Suppose -8*f - 145 = -505. Suppose -9 = 3*c - 39. What is the highest common factor of f and c?
5
Let k = 13 + -25. Let n(g) = g + 16. Let q be n(k). Let f be 18/(-12) - (-54)/q. What is the greatest common divisor of 60 and f?
12
Let l(y) = -44*y - 619. Let w be l(-15). Calculate the highest common factor of 123 and w.
41
Let l = -242 - -260. Calculate the highest common factor of 45 and l.
9
Let o = -520 + 577. What is the greatest common factor of o and 912?
57
Let j(v) = 2*v**2 - 8. Suppose -3*r = 4 - 22. Let f be j(r). Calculate the greatest common factor of 16 and f.
16
Let m = -10472 + 10492. Let s be 4/(-6) - 184/(-6). What is the highest common factor of s and m?
10
Suppose -2*g + 4*y + 67 = -85, 3*y - 56 = -g. Calculate the highest common divisor of g and 8.
4
Suppose 55 = 3*m + 2*g, 3*m - 65 = -2*g - 2*g. Let s be ((-7)/((-21)/(-9)))/1 - -55. Suppose s = -7*n + 87. Calculate the highest common divisor of m and n.
5
Let y(c) = c**3 - 9*c**2 - 3*c + 57. Let m be y(9). Calculate the highest common factor of 75 and m.
15
Let u be 70/20*(-1 + 3 - 0). Let d(s) = -36*s**3 - s**2 - 2*s - 2. Let z be d(-1). What is the greatest common factor of z and u?
7
Suppose 198 = 6*a - 366. Let w = 122 - a. Calculate the greatest common divisor of w and 140.
28
Let c = -132 - -272. Let m(t) = t**3 - 14*t**2 - 17*t + 11. Let b be m(15). Let l = b + 39. What is the highest common divisor of l and c?
20
Let h(t) = t**2 - 12*t + 11. Let u be h(10). Let b(p) = p**2 + 6*p + 10. Let s be b(u). Calculate the greatest common divisor of 407 and s.
37
Suppose p + 